pose 3 + 36 = 13*q. Suppose -2*f + 7*f + q*g - 7 = 0, -2*f + g - 6 = 0. Let l be ((-4)/20)/(f/95). Calculate the highest common divisor of 209 and l.
19
Suppose 193944*d = 193965*d - 357. Let q be 0 + 6/(1 - -1). Suppose 0 = -q*x - k + 463, 3*x - 2*x + 4*k = 169. Calculate the highest common factor of x and d.
17
Suppose -x - o = -56732, -1081*x - 4*o = -1076*x - 283651. What is the greatest common factor of 433 and x?
433
Let a(q) = -4*q**3 + 2*q**2 + 85*q + 245. Let f be a(-3). Calculate the greatest common factor of 232 and f.
116
Suppose -s + 2*v + 568 = 0, s + 5*v + 2845 = 6*s. Let f(h) = 689*h - 20640. Let y be f(30). What is the highest common divisor of s and y?
30
Let t be (-14)/(-12)*3*4. Let p = t + 0. Let y be (16/(-18)*-3)/(p/147). What is the highest common divisor of 98 and y?
14
Let g = -3750 - -13524. Calculate the greatest common divisor of 54 and g.
54
Suppose 4*v - 5*o - 6 = 0, 5*v + o + 2 = -5. Let u be ((-139)/2)/(v/2). Suppose u = 7*r - 15. What is the greatest common divisor of 198 and r?
22
Let t be 2/(-20) + 462/220. Suppose -2*d - t*n + 48 = 0, -59 - 9 = -2*d + 3*n. What is the greatest common divisor of d and 2?
2
Let c(r) = 3*r**2 + 125*r + 22. Let m be c(-44). What is the greatest common divisor of 264 and m?
66
Suppose 2*i = -18, 33 = 3*c - 3*i + 5*i. What is the highest common divisor of c and 32317?
17
Let d(v) = 169*v - 123. Let b be d(11). Suppose 0 = -15*m - b + 4271. What is the highest common divisor of m and 13?
13
Let a = 15657 - 15517. Calculate the highest common divisor of 448 and a.
28
Let a be (-2)/((-9)/(-189)*(-6)/4). Suppose m = -m + a. Suppose 3*z - 27 = 4*x, 3*z - 41 + m = -3*x. What is the greatest common factor of 1 and z?
1
Let x(f) = 90*f**2 - 109*f - 1120. Let k be x(-14). What is the highest common factor of 14 and k?
14
Suppose -3*s + 794 = -5*p, s + p = 6*p + 248. Let z = 49 + -10. Calculate the highest common factor of z and s.
39
Let q(z) = -z**3 + 3*z**2 - 18*z + 57. Let w be q(3). Suppose 3*t + w*a - 7*a = 1981, 0 = -4*a + 8. What is the highest common divisor of t and 39?
39
Suppose -4*q + 104 = 3*f + 26, 0 = -4*q. Let c be 1/(-4*(-1)/128). Suppose -5*b + c = 11*b. Calculate the highest common factor of f and b.
2
Suppose -2*p + 3*p = 5. Let m(h) = 19*h + 4. Let y be m(p). Suppose -46214*j + 46193*j = -462. What is the highest common factor of j and y?
11
Let x = -192 - -226. Let a = 258 + -122. Calculate the greatest common factor of a and x.
34
Let g be 2/(12/18 - 0). Let p(d) = d + 17. Let s = 11 - 25. Let q be p(s). Calculate the greatest common factor of g and q.
3
Let y = 18 - 16. Suppose 0 = h - y*h - 177. Let n = -79 - h. Calculate the greatest common factor of 14 and n.
14
Suppose -10*o = -5*o - 205. Let l be ((-1584)/704)/(1/(-164)). Calculate the greatest common factor of o and l.
41
Suppose 3*l - 7 + 1 = 0. Let n be 143 + 0/(l - 3). Let g(y) = -2*y**3 + 16*y**2 + 11*y - 75. Let a be g(8). What is the highest common divisor of n and a?
13
Suppose 7*u - 2*u - 400 = 0. Let z = 4965 + -4935. Calculate the highest common divisor of u and z.
10
Let b = 94 + -91. Suppose b*a = -9, v + a = -0*a + 294. Let x = -129 + v. Calculate the greatest common divisor of x and 24.
24
Suppose 21 = -4*r - 5*i + 316, 0 = 2*i - 6. What is the greatest common factor of 7910 and r?
70
Let u(j) = 400*j**2 + 24*j - 222. Let m be u(6). What is the greatest common factor of m and 22?
22
Let b be (-18153)/(-10) + (34/(-140) - 62/1085). Calculate the highest common divisor of 66 and b.
33
Suppose 2*s - 4*s = 2*b - 430, 215 = s + 5*b. What is the highest common divisor of 731 and s?
43
Let u = -281 - -281. Suppose 9*v - 41*v + 128 = u. Let m(y) = 10*y. Let p be m(2). Calculate the greatest common factor of v and p.
4
Suppose q + 4 = 19. Let s be ((-12)/q)/((-5)/450). Calculate the greatest common divisor of s and 90.
18
Let t be 13 - (14 - -12) - -46. Calculate the greatest common divisor of 1067 and t.
11
Suppose 101 = 4*i + 437. Let a = 108 - i. What is the highest common factor of 120 and a?
24
Let q(y) be the third derivative of y**5/60 + y**4/12 + 8*y**3/3 - 9*y**2 - 2. Let m be q(-4). What is the greatest common factor of m and 176?
8
Let s(g) = 2*g**2 - 18*g + 5. Let j be s(9). Suppose -2*m + 7 - j = 0. Let r be 11 + (-2)/2*m. What is the highest common factor of r and 2?
2
Let p = -27 - -27. Suppose p*o - 3*t = -o - 69, 0 = -4*t - 20. Let n = 99 + o. What is the greatest common divisor of n and 9?
3
Suppose 2*v + 251 = -4*j - 563, -600 = 3*j + 5*v. Let g = j - -295. What is the greatest common factor of 225 and g?
45
Let l(g) = -g**3 - 3*g**2 + 21*g + 404. Let o be l(0). Calculate the greatest common factor of 8 and o.
4
Suppose 2*i + 149 = 3*z + i, -2*z - 5*i = -88. Suppose z*a - 4683 - 217 = 0. Calculate the highest common factor of 50 and a.
50
Let q be 3725 + ((-85)/51 - 16/(-6)*1). What is the highest common factor of 324 and q?
162
Suppose 2*c = -2*x - 400, -3*c + 0*c = 5*x + 998. Let w = x + -328. Let i = w - -751. Calculate the greatest common factor of 14 and i.
14
Let m be 31/(279/(-1170))*4/(-5). Let l = m + -74. What is the highest common factor of 3 and l?
3
Let j be 326/6 - (-1)/(-3). Suppose 0 = 17*z - 10*z - 504. Suppose 10*k - 6*k = z. Calculate the greatest common divisor of j and k.
18
Suppose 0 = -44*h + 37*h + 791. Suppose -5*u + o = -h, 0*u + 5*u - 95 = -5*o. Calculate the greatest common factor of 286 and u.
22
Let w(g) = -g**2 - 12*g + 5. Suppose 4*n + 4*h = 7*n - 34, 2*n = -2*h + 4. Let z be w(n). Let r = -19 - z. Calculate the greatest common factor of 12 and r.
12
Let w be (-24)/(-15)*200/24*(1 - -2). Let s be ((-245)/(-14))/((-2)/(-4)). Suppose 0 = 6*t - 13 - s. What is the highest common divisor of t and w?
8
Suppose 0 = -3*h + h + 3*d - 55, 0 = -4*h + 2*d - 98. Let a = h - -26. Suppose 60 + 12 = a*p. Calculate the highest common factor of 3 and p.
3
Suppose -2526 + 8240 = 101*w - 6911. Calculate the greatest common divisor of w and 15.
5
Let r(v) be the third derivative of -v**6/120 + 17*v**5/60 + 17*v**4/24 + 5*v**3 - v**2 + 61*v. Let f be r(17). What is the highest common divisor of 58 and f?
29
Suppose 4*q + 628 = 4*y, 3*y + 628 = -q - 3*q. Let r = q + 166. Suppose 1176 = r*i - i. Calculate the highest common divisor of i and 98.
49
Suppose -2*k + 1 = -k. Let y = -178 + 237. Let t = -58 + y. What is the highest common factor of t and k?
1
Suppose 4*n - 804 = 1805*r - 1809*r, 0 = -5*r + 2*n + 1019. What is the greatest common divisor of r and 63?
7
Suppose 3*x - 177 = 3*a, x - 204 = 5*a - 161. Calculate the greatest common factor of x and 2.
1
Let s(n) = 8*n - 70. Let l be s(14). Let i be 96/(-40)*15*2/(-4). What is the highest common divisor of l and i?
6
Let a = 32 + -27. Let s = -359 - -527. Suppose -2*f = a*f - s. What is the greatest common factor of f and 216?
24
Suppose 5*u + 3*a = 11066, -4*u + a + 8857 = 2*a. Suppose -30*t - 415 = -u. Calculate the highest common factor of t and 90.
30
Let v(o) = o**2 + 13*o - 240. Let j be v(12). What is the highest common divisor of j and 8490?
30
Let m(o) = 5*o**2 + 15*o + 138. Let n(j) = -2*j**2 - 7*j - 69. Let w(i) = 3*m(i) + 7*n(i). Let r be w(-7). Calculate the highest common factor of 88 and r.
8
Let a(x) = 6*x**2 + x - 16. Let m be a(5). Suppose -7*c + 1609 - m = 0. Let i = 69 - 39. What is the highest common factor of i and c?
30
Suppose -4*g + 1798 = -142. Let n = g + -268. What is the highest common divisor of 31 and n?
31
Let d(n) = -67 + 31*n**2 + 93 + 36*n - n**3 - 63. Let y be d(32). Calculate the highest common factor of 13 and y.
13
Suppose 3*s = 5*r + 5*s - 12, -3*r + 20 = -2*s. Suppose -21*f + 625 = r*f. Calculate the highest common divisor of 25 and f.
25
Let j(w) = -w**3 + 4*w**2 + 17*w - 52. Let s be j(-5). What is the greatest common divisor of 152 and s?
8
Let q(v) = 174*v**2 - 10*v**2 + 8 - 7. Let o be q(1). What is the highest common factor of o and 15?
15
Suppose 2*a + 231 = 4*b + 277, -b - 34 = -a. Suppose 16 = 2*v - 74. Calculate the highest common divisor of v and a.
45
Let p = -43 - -30. Let w(a) be the first derivative of -a**3/3 - 21*a**2/2 - 23*a - 410. Let f be w(p). Calculate the highest common divisor of 27 and f.
27
Let l = 4561 - 4516. Let p be 60*(-3 - (-27)/6). Calculate the